{"id":44,"date":"2023-04-03T08:40:45","date_gmt":"2023-04-03T08:40:45","guid":{"rendered":"https:\/\/juedischer-kulturtag.ch\/?page_id=44"},"modified":"2026-04-13T12:42:29","modified_gmt":"2026-04-13T12:42:29","slug":"kontakt","status":"publish","type":"page","link":"https:\/\/juedischer-kulturtag.ch\/?page_id=44","title":{"rendered":"Kontakt\/ Presse"},"content":{"rendered":"\n<p>etjk@juedisches-museum.ch<\/p>\n\n\n\n<p>Weiterf\u00fchrende Informationen:<\/p>\n\n\n\n<p><a href=\"http:\/\/www.juedischer-kulturtag.ch\">www.juedischer-kulturtag.ch<\/a> \/ <a href=\"http:\/\/www.juedisches-museum.ch\/\">www.juedisches-museum.ch\/<\/a> <a href=\"http:\/\/www.jewisheritage.org\">www.jewisheritage.org<\/a><\/p>\n\n\n\n<p>Barbara H\u00e4ne, Forschung &amp; Veranstaltungen, J\u00fcdisches Museum der Schweiz, <br>Tel.: 061 261 95 14, <a href=\"mailto:barbara.haene@juedisches-museum.ch\">barbara.haene@juedisches-museum.ch<\/a><\/p>\n\n\n\n<p>Nadia Guth Biasini, Pr\u00e4sidentin des Vereins f\u00fcr das J\u00fcdische Museum der Schweiz, <br>Tel.: 061 261 95 14, <a href=\"mailto:nadia.guthbiasini@gmail.com\">nadia.guthbiasini@gmail.com<\/a><\/p>\n\n\n\n<h2 class=\"wp-block-heading\"><\/h2>\n\n\n\n<p><\/p>\n","protected":false},"excerpt":{"rendered":"<p>etjk@juedisches-museum.ch Weiterf\u00fchrende Informationen: www.juedischer-kulturtag.ch \/ www.juedisches-museum.ch\/ www.jewisheritage.org Barbara H\u00e4ne, Forschung &amp; Veranstaltungen, J\u00fcdisches Museum der Schweiz, Tel.: 061 261 95 14, barbara.haene@juedisches-museum.ch Nadia Guth Biasini, Pr\u00e4sidentin des Vereins f\u00fcr das J\u00fcdische Museum der Schweiz, Tel.: 061 261 95 14, nadia.guthbiasini@gmail.com<\/p>\n","protected":false},"author":2,"featured_media":0,"parent":0,"menu_order":0,"comment_status":"closed","ping_status":"closed","template":"","meta":{"om_disable_all_campaigns":false,"_monsterinsights_skip_tracking":false,"_monsterinsights_sitenote_active":false,"_monsterinsights_sitenote_note":"","_monsterinsights_sitenote_category":0,"_uf_show_specific_survey":0,"_uf_disable_surveys":false,"footnotes":""},"class_list":["post-44","page","type-page","status-publish","hentry"],"aioseo_notices":[],"_links":{"self":[{"href":"https:\/\/juedischer-kulturtag.ch\/index.php?rest_route=\/wp\/v2\/pages\/44","targetHints":{"allow":["GET"]}}],"collection":[{"href":"https:\/\/juedischer-kulturtag.ch\/index.php?rest_route=\/wp\/v2\/pages"}],"about":[{"href":"https:\/\/juedischer-kulturtag.ch\/index.php?rest_route=\/wp\/v2\/types\/page"}],"author":[{"embeddable":true,"href":"https:\/\/juedischer-kulturtag.ch\/index.php?rest_route=\/wp\/v2\/users\/2"}],"replies":[{"embeddable":true,"href":"https:\/\/juedischer-kulturtag.ch\/index.php?rest_route=%2Fwp%2Fv2%2Fcomments&post=44"}],"version-history":[{"count":14,"href":"https:\/\/juedischer-kulturtag.ch\/index.php?rest_route=\/wp\/v2\/pages\/44\/revisions"}],"predecessor-version":[{"id":533,"href":"https:\/\/juedischer-kulturtag.ch\/index.php?rest_route=\/wp\/v2\/pages\/44\/revisions\/533"}],"wp:attachment":[{"href":"https:\/\/juedischer-kulturtag.ch\/index.php?rest_route=%2Fwp%2Fv2%2Fmedia&parent=44"}],"curies":[{"name":"wp","href":"https:\/\/api.w.org\/{rel}","templated":true}]}}