{"id":45,"date":"2023-04-03T08:40:45","date_gmt":"2023-04-03T08:40:45","guid":{"rendered":"https:\/\/juedischer-kulturtag.ch\/?page_id=45"},"modified":"2025-06-02T13:21:36","modified_gmt":"2025-06-02T13:21:36","slug":"blog","status":"publish","type":"page","link":"https:\/\/juedischer-kulturtag.ch\/?page_id=45","title":{"rendered":"Archiv"},"content":{"rendered":"\n<p><strong><strong>Familie (2024) <\/strong><\/strong><\/p>\n\n\n\n<figure class=\"wp-block-image size-large\"><img loading=\"lazy\" decoding=\"async\" width=\"1024\" height=\"614\" src=\"https:\/\/juedischer-kulturtag.ch\/wp-content\/uploads\/2024\/07\/etjk-2024-2-1024x614.jpg\" alt=\"\" class=\"wp-image-399\" srcset=\"https:\/\/juedischer-kulturtag.ch\/wp-content\/uploads\/2024\/07\/etjk-2024-2-1024x614.jpg 1024w, https:\/\/juedischer-kulturtag.ch\/wp-content\/uploads\/2024\/07\/etjk-2024-2-300x180.jpg 300w, https:\/\/juedischer-kulturtag.ch\/wp-content\/uploads\/2024\/07\/etjk-2024-2-768x461.jpg 768w, https:\/\/juedischer-kulturtag.ch\/wp-content\/uploads\/2024\/07\/etjk-2024-2-1536x922.jpg 1536w, https:\/\/juedischer-kulturtag.ch\/wp-content\/uploads\/2024\/07\/etjk-2024-2-2048x1229.jpg 2048w, https:\/\/juedischer-kulturtag.ch\/wp-content\/uploads\/2024\/07\/etjk-2024-2-2000x1200.jpg 2000w\" sizes=\"auto, (max-width: 767px) 89vw, (max-width: 1000px) 54vw, (max-width: 1071px) 543px, 580px\" \/><\/figure>\n\n\n\n<div class=\"wp-block-columns is-layout-flex wp-container-core-columns-is-layout-9d6595d7 wp-block-columns-is-layout-flex\">\n<div class=\"wp-block-column is-layout-flow wp-block-column-is-layout-flow\">\n<div class=\"wp-block-columns is-layout-flex wp-container-core-columns-is-layout-9d6595d7 wp-block-columns-is-layout-flex\">\n<div class=\"wp-block-column is-layout-flow wp-block-column-is-layout-flow\">\n<p><br>Der Europ\u00e4ische Tag der J\u00fcdischen Kultur zum Thema \u00abFamilie\u00bb, dessen Schweizer Ausgabe auf eine Initiative der Museumspr\u00e4sidentin Nadia Guth Biasini zur\u00fcckgeht, fand zum 25. Mal in neun Schweizer St\u00e4dten und Ortschaften statt. <\/p>\n\n\n\n<p>Die Schweizer Ausgabe des ETJKs gl\u00e4nzte auch dieses Jahr mit zahlreichen gut besuchten Konzerten. Sie fanden in Baden, Basel, Endingen-Lengnau, La-Chaux-de-Fonds, Lausanne und Genf statt. In Basel spielten Etele D\u00f3sa (Klarinette) und Andrei Ichtchenko (Akkordeon) Klezmer und osteurop\u00e4ische Musik im Hof des J\u00fcdischen Museums, was von den Besucher:innen mit Begeisterung aufgenommen wurde. Ebenfalls auf besonderes Interesse stiess eine j\u00fcdisch-muslimische F\u00fchrung, die die Gemeinsamkeiten der beiden Religionen beleuchtet. Bei der Synagogenf\u00fchrung in Bern wurde das Publikum Teil einer (inszenierten) Hochzeitszeremonie, bei der die Braut und der Br\u00e4utigam unter die Chuppa gef\u00fchrt wurden und in Endingen-Lengnau fand ein Tanzworkshop statt, organisiert von Kiriat Yearim. Insgesamt besuchten rund 1600 Besucher:innen die  2024 Ausgabe des Europ\u00e4ischen Tags der J\u00fcdischen Kultur.<\/p>\n\n\n\n<p class=\"has-large-font-size\"><strong>Memory (2023)<\/strong><\/p>\n\n\n\n<figure class=\"wp-block-image size-large is-resized\"><img loading=\"lazy\" decoding=\"async\" width=\"1024\" height=\"614\" src=\"https:\/\/juedischer-kulturtag.ch\/wp-content\/uploads\/2023\/07\/memory-1-1-1024x614.jpg\" alt=\"\" class=\"wp-image-256\" style=\"width:645px;height:auto\" srcset=\"https:\/\/juedischer-kulturtag.ch\/wp-content\/uploads\/2023\/07\/memory-1-1-1024x614.jpg 1024w, https:\/\/juedischer-kulturtag.ch\/wp-content\/uploads\/2023\/07\/memory-1-1-300x180.jpg 300w, https:\/\/juedischer-kulturtag.ch\/wp-content\/uploads\/2023\/07\/memory-1-1-768x461.jpg 768w, https:\/\/juedischer-kulturtag.ch\/wp-content\/uploads\/2023\/07\/memory-1-1-1536x922.jpg 1536w, https:\/\/juedischer-kulturtag.ch\/wp-content\/uploads\/2023\/07\/memory-1-1-2048x1229.jpg 2048w, https:\/\/juedischer-kulturtag.ch\/wp-content\/uploads\/2023\/07\/memory-1-1-2000x1200.jpg 2000w\" sizes=\"auto, (max-width: 767px) 89vw, (max-width: 1000px) 54vw, (max-width: 1071px) 543px, 580px\" \/><\/figure>\n\n\n\n<p>Am Sonntag, 3. September 2023, fand in \u00fcber dreissig L\u00e4ndern der Europ\u00e4ische Tag der J\u00fcdischen Kultur zum Thema \u00abErinnerung\/Memory\/M\u00e9moire\u00bb statt.<\/p>\n\n\n\n<p><strong><em>Erinnerung an den Holocaust als zentrales Thema vieler Veranstaltungen<\/em><\/strong><\/p>\n\n\n\n<p>Das Thema Erinnerung wird an zahlreichen Standorten zum Anlass genommen, den Umgang mit der Schoa und den \u00dcberlebenden der nationalsozialistischen Verfolgungs- und Vernichtungspolitik zu reflektieren. Vor dem Hintergrund des diesj\u00e4hrigen Bundesratsentscheids, einen Erinnerungsort f\u00fcr die Opfer des Nationalsozialismus einzurichten, ist das Thema \u00abErinnerung\u00bb auf nationaler Ebene hochaktuell. Im J\u00fcdischen Museum der Schweiz in Basel findet eine Podiumsdiskussion zum Thema \u00abErinnerung an Flucht, Verstecken und \u00dcberleben. Familienforschung der dritten und vierten Generation von Holocaust\u00fcberlebenden\u00bb statt. Die liberale j\u00fcdische Gemeinde Migwan in Basel l\u00e4dt zur Lesung von Simone M\u00fcllers Buch \u00abBevor Erinnerung Geschichte wird. \u00dcberlebende des NS-Regimes in der Schweiz heute\u00bb ein. Im Archiv f\u00fcr Zeitgeschichte der ETH Z\u00fcrich wird das Thema Trauma als wichtiger \u2013 oft unausgesprochener \u2013 Aspekt historischer Interviews mit Zeitzeug:innen diskutiert. Die J\u00fcdische Gemeinde Bern widmet dem j\u00fcdischen Viehh\u00e4ndler Arthur Bloch, der 1942 in Payerne aus antisemitischen Motiven von Anh\u00e4ngern der Nationalen Bewegung Schweiz ermordet wurde, eine Veranstaltung. Die Erinnerung an ihn wird durch einen Stolperstein bewahrt.<\/p>\n<\/div>\n<\/div>\n<\/div>\n<\/div>\n\n\n\n<p>Le dimanche 3 septembre 2023 aura lieu dans plus de trente pays la Journ\u00e9e Europ\u00e9enne de la culture juive sur le th\u00e8me \u00abErinnerung\/Memory\/M\u00e9moire\u00bb. En Suisse, les huit villes et localit\u00e9s de B\u00e2le, Berne, Del\u00e9mont, Lengnau et Endingen, Gen\u00e8ve, La Chaux-de-Fonds, Lausanne et Zurich proposent un programme vari\u00e9.<\/p>\n\n\n\n<p><strong><em>La m\u00e9moire de l\u2019Holocauste comme th\u00e8me central de nombreuses manifestations<\/em><\/strong><\/p>\n\n\n\n<p>Le th\u00e8me de la m\u00e9moire fournit dans de nombreux endroits l\u2019occasion de r\u00e9fl\u00e9chir sur la mani\u00e8re d\u2019aborder la Shoah et les survivants de la politique de pers\u00e9cution et d\u2019extermination nationale-socialiste. Dans le contexte de la d\u00e9cision prise cette ann\u00e9e par le Conseil f\u00e9d\u00e9ral de cr\u00e9er un lieu de m\u00e9moire pour les victimes du national- socialisme, le th\u00e8me \u00abM\u00e9moire\u00bb est d\u2019une grande actualit\u00e9 au niveau national. Au Mus\u00e9e juif de Suisse \u00e0 B\u00e2le a lieu une table ronde sur le th\u00e8me \u00abM\u00e9moire de la fuite, de la clandestinit\u00e9 et de la survie. Recherche g\u00e9n\u00e9alogique des troisi\u00e8me et quatri\u00e8me g\u00e9n\u00e9rations de survivants de l\u2019Holocauste\u00bb. La communaut\u00e9 lib\u00e9rale juive de Migwan \u00e0 B\u00e2le invite \u00e0 la lecture publique du livre de Simone M\u00fcller \u00abBevor Erinnerung Geschichte wird. \u00dcberlebende des NS- Regimes in der Schweiz heute\u00bb. Aux Archives suisses d\u2019histoire contemporaine de l\u2019\u00c9cole polytechnique f\u00e9d\u00e9rale de Zurich, le th\u00e8me du traumatisme est discut\u00e9 en tant qu\u2019aspect important \u2013 souvent inexprim\u00e9 \u2013 d\u2019entrevues historiques avec des t\u00e9moins de l\u2019\u00e9poque. La communaut\u00e9 juive de Berne consacre une manifestation au marchand de b\u00e9tail juif Arthur Bloch, qui a \u00e9t\u00e9 assassin\u00e9 en 1942 \u00e0 Payerne pour des motifs antis\u00e9mites par des partisans du Front national suisse. Son souvenir est pr\u00e9serv\u00e9 par un pav\u00e9 de m\u00e9moire.<\/p>\n\n\n\n<p class=\"has-large-font-size\"><strong>Renewal (2023)<\/strong><\/p>\n\n\n\n<p>Bereits zum 22. Mal fand am ersten Sonntag im September der Kulturtag ( Europ\u00e4ische Tag der J\u00fcdischen Kultur) in fast dreissig L\u00e4ndern statt. Unter der Leitung von Nadia Guth Biasini koordinierte das J\u00fcdische Museum Schweizer Beitr\u00e4ger:innen aus Basel, Bern, Endingen-Lengnau, Genf, La Chaux-de- Fonds, Lausanne und Z\u00fcrich mit einem Programm, das aktuelle Fragen zu Geschichte, Kultur, Religion und Gegenwart der J\u00fcdinnen und Juden Europas feierlich beleuchtet.<\/p>\n\n\n\n<p>Unter dem Motto \u00abDialog\u00bb boten die Institutionen ein vielseitiges Programm an. Das J\u00fcdische Museum begr\u00fcsste die Besucher:innen mit szenischen Lesungen von Eylon Kindler und Katharina Schmidt in der Vesalgasse 5.<\/p>\n\n\n\n<p><a data-type=\"URL\" data-id=\"https:\/\/juedischer-kulturtag.ch\/wp-content\/uploads\/2023\/04\/ETJK-Programm-2022.pdf\" href=\"https:\/\/juedischer-kulturtag.ch\/wp-content\/uploads\/2023\/04\/ETJK-Programm-2022.pdf\" target=\"_blank\" rel=\"noreferrer noopener\">Programmheft des Jahres 2022 zum Thema Renewal<\/a><\/p>\n\n\n\n<p><\/p>\n","protected":false},"excerpt":{"rendered":"<p>Familie (2024) Der Europ\u00e4ische Tag der J\u00fcdischen Kultur zum Thema \u00abFamilie\u00bb, dessen Schweizer Ausgabe auf eine Initiative der Museumspr\u00e4sidentin Nadia Guth Biasini zur\u00fcckgeht, fand zum 25. Mal in neun Schweizer St\u00e4dten und Ortschaften statt. Die Schweizer Ausgabe des ETJKs gl\u00e4nzte auch dieses Jahr mit zahlreichen gut besuchten Konzerten. Sie fanden in Baden, Basel, Endingen-Lengnau, La-Chaux-de-Fonds, &hellip; <\/p>\n<p class=\"link-more\"><a href=\"https:\/\/juedischer-kulturtag.ch\/?page_id=45\" class=\"more-link\"><span class=\"screen-reader-text\">\u201eArchiv\u201c <\/span>weiterlesen<\/a><\/p>\n","protected":false},"author":2,"featured_media":0,"parent":0,"menu_order":0,"comment_status":"closed","ping_status":"closed","template":"","meta":{"om_disable_all_campaigns":false,"_monsterinsights_skip_tracking":false,"_monsterinsights_sitenote_active":false,"_monsterinsights_sitenote_note":"","_monsterinsights_sitenote_category":0,"_uf_show_specific_survey":0,"_uf_disable_surveys":false,"footnotes":""},"class_list":["post-45","page","type-page","status-publish","hentry"],"aioseo_notices":[],"_links":{"self":[{"href":"https:\/\/juedischer-kulturtag.ch\/index.php?rest_route=\/wp\/v2\/pages\/45","targetHints":{"allow":["GET"]}}],"collection":[{"href":"https:\/\/juedischer-kulturtag.ch\/index.php?rest_route=\/wp\/v2\/pages"}],"about":[{"href":"https:\/\/juedischer-kulturtag.ch\/index.php?rest_route=\/wp\/v2\/types\/page"}],"author":[{"embeddable":true,"href":"https:\/\/juedischer-kulturtag.ch\/index.php?rest_route=\/wp\/v2\/users\/2"}],"replies":[{"embeddable":true,"href":"https:\/\/juedischer-kulturtag.ch\/index.php?rest_route=%2Fwp%2Fv2%2Fcomments&post=45"}],"version-history":[{"count":12,"href":"https:\/\/juedischer-kulturtag.ch\/index.php?rest_route=\/wp\/v2\/pages\/45\/revisions"}],"predecessor-version":[{"id":476,"href":"https:\/\/juedischer-kulturtag.ch\/index.php?rest_route=\/wp\/v2\/pages\/45\/revisions\/476"}],"wp:attachment":[{"href":"https:\/\/juedischer-kulturtag.ch\/index.php?rest_route=%2Fwp%2Fv2%2Fmedia&parent=45"}],"curies":[{"name":"wp","href":"https:\/\/api.w.org\/{rel}","templated":true}]}}